v) = 9*v - 1. Let g(f) = f + 1. Let j(k) = 6*g(k) - t(k). Let r(l) = -1. Let d(z) = -j(z) - 4*r(z). Give d(i).
6
Let z(x) be the third derivative of -7*x**4/24 + x**2. Suppose -16 = -q - 2*q + l, -2*l = 5*q - 12. Suppose -2*d + q*d = -3*f - 5, d + 4 = -3*f. Calculate z(f).
7
Let s be 14/6 - (-4)/6. Let v(q) = 6*q + q**s - q**2 - 1 - 6*q + 0*q + q. Let y = -1 - -1. Determine v(y).
-1
Let l(b) = -b - 4. Let x(u) = -4*u - 13. Let n(j) = 7*l(j) - 2*x(j). Let f be (-3)/5 + (-12)/(-20). Give n(f).
-2
Let s(g) = g**2 + g - 2. Let u(o) = -o**3 + 4*o**2 + o + 5. Let c be u(4). Suppose 2*h - 3 = -c. What is s(h)?
4
Let u(p) be the first derivative of -p**5/20 - p**4/12 - p - 2. Let j(m) be the first derivative of u(m). Give j(1).
-2
Let z = 8 + -6. Let r(n) = 2*n**z - 4*n - 2*n**2 - n**2 - 3. Let a be (1/2)/((-1)/6). Give r(a).
0
Let m(d) = 1 + d + 5 - 3. Suppose 2*p + 2*a = -14, 4*p - a + 19 = 4*a. Let k = 1 + p. Determine m(k).
-2
Let m(f) = -2 + 3 + 2*f - 2. Determine m(4).
7
Let y(x) = 6*x**3 + 2*x**2 - 1. Let h(j) be the third derivative of -j**5/60 + j**4/12 + j**3/3 - 4*j**2. Let i be h(3). Give y(i).
-5
Let z(s) = -20*s + s**3 - 2*s**3 + 4*s**3 - 26. Let u(y) = -y**3 + 7*y + 14 + 1 - 6. Let l(b) = -17*u(b) - 6*z(b). Calculate l(0).
3
Let p(v) = -2*v**2 + 3*v - 4. Let n(k) = 3*k**2 - 6*k + 7. Let r(g) = 3*n(g) + 5*p(g). Give r(2).
-9
Suppose 2*a = -a + 3*d - 15, 0 = -2*a + 5*d - 19. Let n(l) be the third derivative of -l**5/30 - l**4/12 + 4*l**2. What is n(a)?
-4
Let g(d) = -3*d**2 + 2*d + d - 4 + 2*d**2 - 6*d. Calculate g(-3).
-4
Let y(j) be the first derivative of j**3/3 - j**2/2 - 4*j + 1. Let n be (-2)/8 - (-6 + 105/12). Calculate y(n).
8
Let h(x) = -x - 4. Let d(o) = 24*o**2 + 2*o - 1. Let s be d(1). Let l = s - 25. Give h(l).
-4
Let w be (-14)/(-77) - (-40)/22. Let b(g) = 5*g - g**2 - 1 + w - 5*g**2 - 7 + g**3. Give b(5).
-6
Let h be (-4 + 1)*(-5)/(-15). Let n(t) = -2*t - 3*t - 3*t + 2*t. Give n(h).
6
Let p = 12 - 7. Suppose 5*s - o = -6*o + p, 7 = -3*s - o. Let l(n) = -n**2 - 5*n - 2. Give l(s).
2
Let j(g) be the first derivative of g**3/3 + 3*g**2/2 + 5*g - 1. Suppose 2*c + 0*c + 3*o = -17, -4*c - 31 = 5*o. Determine j(c).
9
Let u(v) be the third derivative of 1/3*v**3 + 0 - 1/60*v**5 + 0*v - 7*v**2 + 0*v**4. Suppose 5*s + j - 15 = -2*j, -j - 6 = -2*s. Determine u(s).
-7
Let f = 0 + 6. Let k(z) = -z**2 + 9*z - 7. Determine k(f).
11
Let l(k) = k + 3. Let q(p) = -p - 4. Let c(z) = -5*l(z) - 4*q(z). Let y be c(-2). Let t(h) = -h**2 + 3*h + 1. Give t(y).
1
Let x(o) = 3 - 5 - 10*o + 6*o**2 + o**2. Let p(s) = 6*s**2 - 9*s - 1. Let n(q) = 5*p(q) - 4*x(q). Give n(3).
6
Suppose d = 5*j - 43, 3*j - 19 = -4. Let k = 15 + d. Let t(s) = -6*s - 4. Determine t(k).
14
Let c(g) = 3*g**3 - 2*g**3 - g**2 + 6 + 4*g**2 - 2. Let v be c(-3). Let h(k) = -k**3 + 4*k**2 - 2*k + 3. Determine h(v).
-5
Let k(j) = j + 3. Let f(c) = 1. Let o(q) = 6*f(q) - k(q). Suppose -2*m + 6*m + 24 = 0. Let l = m - -11. Determine o(l).
-2
Let m(k) = -4*k**3 + k**2. Let o = -84 - -85. Suppose -h = 3*h - 4. Suppose 2*q = o + h. Determine m(q).
-3
Let b(z) = z**3 - 3*z**2 - 3*z + 2. Let q(l) = -l**2 - 5*l + 1. Let r be q(-4). Let o be ((-4)/(-1))/(6 - r). Determine b(o).
6
Let q = -4 + 2. Let j be -1*6*q/(-4). Let l(r) be the first derivative of r**4/4 + r**3 - r**2 - 2*r + 9. Calculate l(j).
4
Let k(j) = j**3 - 10*j**2 + 9*j + 3. Let b be k(9). Let h(l) = 2*l**b + 1 + 3*l - 3*l**2 - l - l. Suppose 0 = -o - 3*f - 13, -2*f = -2*o + 14. Give h(o).
7
Let x(v) = v**2. Let p(h) = h - 3*h + h - 7 - 2*h**2. Let t(f) = p(f) + 3*x(f). Calculate t(0).
-7
Let y(f) = f**3 + 3*f**2 + 2*f + 4. Suppose 96 - 105 = 3*k. Calculate y(k).
-2
Let o(x) = 11*x**2 + 2*x**2 + 3*x**2 - 15*x**2 + 8*x + 7. What is o(-5)?
-8
Let t(h) = h**3 + 4*h**2 - 7*h - 6. Suppose 2*r - 3*w = r - 17, w = -3*r - 1. Let m be (-10 + 20)*1/r. Give t(m).
4
Let a(w) be the second derivative of -5/6*w**3 + 1/12*w**4 - w**2 - 8*w + 0. Determine a(6).
4
Suppose -3*h + 5*g = 10*g - 13, -2*g + 6 = 2*h. Let m be 3/(1/2*3). Let q(s) = 4*s**m - 4*s**2 - 1 + 7*s**2. Calculate q(h).
6
Let n(b) = b**3 + 5*b**2 + 6*b - 11. Let u(i) = -i**2 - i + 2. Let z(d) = n(d) + 5*u(d). What is z(2)?
9
Let q(n) = -n**3 - 5*n**2 - n - 7. Let z = -23 - -18. Give q(z).
-2
Let u(g) be the third derivative of g**5/60 + 5*g**4/24 - g**3/2 - 2*g**2. Let h be u(-6). Let b(k) = -2*k**2 + 3*k - 3. What is b(h)?
-12
Let u(f) = 7 + 5 + 11 - 25 - f. What is u(2)?
-4
Let r be 3/5 + (-35)/(-25). Let q(b) = b**2 + 4*b + 3*b - 4 - 6*b - r*b - b**3. Calculate q(0).
-4
Let g(k) be the first derivative of k**6/15 - k**4/24 + k**3/6 + k**2 + 4. Let i(d) be the second derivative of g(d). Determine i(1).
8
Let i(q) = q**2 - 6*q - 3. Let a(t) = 2*t - 1. Let o be a(1). Let y(p) = 6*p**3 - 1. Let u be y(1). Let j be u*-3*o/(-3). Calculate i(j).
-8
Let t(a) be the third derivative of -a**5/60 - 7*a**4/24 - a**3 - a**2. Let h(o) = -2*o + 6 - 5 + 5. Let v be h(5). Calculate t(v).
6
Let j(c) = -2*c + 7. Let v(a) = -a + 4. Let t(m) = 3*j(m) - 7*v(m). Let p be t(6). Let i(k) = 6*k**2 - 1. Determine i(p).
5
Let h(r) = r + 1. Let q(i) = 6 + 0*i - 1 + 4*i. Suppose -o = -2*o - 3. Let u(g) = o*h(g) + q(g). Calculate u(-2).
0
Let p(m) = 4 - m**2 - m - 5 + 8. Determine p(0).
7
Let h(z) = -2*z + 5. Let l(y) be the first derivative of y**2/2 + 10*y + 1. Let i be l(-5). What is h(i)?
-5
Let b(y) be the third derivative of y**4/12 + 2*y**3/3 - 80*y**2. Let q be 1*(-2)/2*5. Determine b(q).
-6
Suppose -2*w = 2*w. Let j(l) = -3 - l**2 + w*l - 2*l + 4. Calculate j(-2).
1
Let d(x) be the third derivative of -x**5/10 + x**4/24 - x**2. Suppose 20*i + 2 = 22*i. Give d(i).
-5
Let t(x) = x**2 - 6*x + 4. Let b be t(4). Let y = -7 - -9. Let m(f) = -f + f**2 - y*f + 6*f - 2*f - 3. Give m(b).
9
Let c(m) = m**2 - 3*m**2 - 2 + m**2 + 4*m. Let u be (-5)/(((-30)/24)/1*2). Calculate c(u).
2
Let h(c) = 9*c + 1. Suppose -3 = 5*g - 2*g. Give h(g).
-8
Let k(m) = 4*m**2 + 0 - m**2 - 4*m**2 + 2 - 7*m. Calculate k(-6).
8
Suppose 4*p - 5*v = 17, 5*p + v - 28 - 15 = 0. Let n(g) = g**3 - 7*g**2 - 9*g + 8. Give n(p).
0
Suppose 0 = 2*q - 4*q - 4. Let f be 1 + q + -1 + 5. Let t be 1*-3 - f/3. Let k(n) = n**3 + 4*n**2 + n. Determine k(t).
-4
Let x(k) = k + 3. Let p(u) = u - 2. Let w be p(9). Suppose -w*r = -r - 18. Determine x(r).
6
Suppose -4*r + 5*q = -6*r - 20, -5*q - 20 = 0. Let c(j) = j**2 - j + 1. Let k(x) = -3*x**2 + 2*x + 8. Let g(a) = -2*c(a) - k(a). Calculate g(r).
-10
Let k(n) be the third derivative of -n**4/12 + n**3/3 + 3*n**2. Suppose -2*l - 3*v + 18 = 5, 2*l + 5*v = 19. Calculate k(l).
-2
Let a be -7 + (0 + 4)*1. Let t(p) = -p**3 - 2*p**2 + 3*p + 2. Calculate t(a).
2
Let q(t) = 5 - 4*t - 4*t**2 + t**3 + t - 1. Let d be q(4). Let y = d - -7. Let o(c) = -9*c**3 - c**2 - c - 1. Give o(y).
8
Let b(d) = d**2 - 3*d - 1. Let y(p) be the first derivative of 3*p**2/2 + 2*p + 8. Let t(a) = -3*b(a) - 2*y(a). Calculate t(2).
-7
Suppose -2*s = 2*h, -2*h - 5*s = -2*s. Let a = 1 - h. Let y(k) = 4 + 0 - 2*k - a. What is y(-4)?
11
Let t(k) = -k**3 + 5*k**2 - 5*k + 3. Let f(s) = -s**2 + 9*s + 13. Let d be (-2 - -6)/((-4)/(-10)). Let w be f(d). Determine t(w).
6
Let m(s) = -s**2 + 3. Let j be m(0). Let c(n) = 1 - 6*n + 4 - 2*n**2 + j*n**2. Determine c(5).
0
Let f(l) be the third derivative of l**5/60 - l**4/6 + l**3/2 - 7*l**2. Give f(6).
15
Let i(d) = -2*d - d + 18 - 17 + 4*d. What is i(-2)?
-1
Let i = -1 - 0. Let k(h) = -3*h**3 - h**2 + 1. Let v be k(i). Let p = v - 4. Let u(g) = g**2 + 1. Determine u(p).
2
Suppose -b = -c + 4, -4*b + 5*c + 0*c - 20 = 0. Suppose b + 4 = h. Let l(k) = k**2 - 3*k - 4. Calculate l(h).
0
Let p be 140/(-65) - (-4)/26. Let i(z) = -z**3 - z. Let x(u) = 3*u**2 + 2. Let f(h) = 2*i(h) - x(h). Give f(p).
6
Let u(o) = 2*o + 6. Let p(d) = -d + 2. Let c be p(6). What is u(c)?
-2
Let p(s) be the second derivative of -s**6/360 + s**5/120 - s**4/24 + 2*s**3/3 + 4*s. Let d(u) be the second derivative of p(u). Determine d(2).
-3
Let h = -5 - -3. Let z(i) = -i + 1. Let v(d) = d**2 + 9*d - 8. Let n(m) = v(m) + 6*z(m). Give n(h).
-4
Let n be (-3)/(-18) - 92/(-24). Suppose 4*c + 4*s = 11 + 17, -3*c + 5*s - 11 = 0. Let b(o) = -2 - o**c + 6*o + o**3 - o**2 - o**3 + 4*o**2. Calculate b(n).
6
Let b = -7 + 12. Suppose 3*j